{"id":24,"date":"2019-01-23T00:00:32","date_gmt":"2019-01-23T04:00:32","guid":{"rendered":"http:\/\/www.sigmaspa.cl\/web\/?page_id=24"},"modified":"2025-07-23T22:43:59","modified_gmt":"2025-07-24T02:43:59","slug":"servicios","status":"publish","type":"page","link":"https:\/\/www.sigmaspa.cl\/web\/servicios\/","title":{"rendered":"Servicios"},"content":{"rendered":"[vc_row type=\u00bbin_container\u00bb full_screen_row_position=\u00bbmiddle\u00bb bg_image=\u00bb6270&#8243; bg_position=\u00bbleft top\u00bb bg_repeat=\u00bbno-repeat\u00bb full_height=\u00bbyes\u00bb scene_position=\u00bbcenter\u00bb text_color=\u00bbdark\u00bb text_align=\u00bbleft\u00bb overlay_strength=\u00bb0.3&#8243; enable_shape_divider=\u00bbtrue\u00bb shape_divider_color=\u00bb#f2f2f2&#8243; shape_divider_position=\u00bbbottom\u00bb shape_divider_bring_to_front=\u00bbtrue\u00bb bg_image_animation=\u00bbnone\u00bb shape_type=\u00bbcurve_opacity\u00bb][vc_column column_padding=\u00bbpadding-2-percent\u00bb column_padding_position=\u00bball\u00bb background_color=\u00bb#0a0a0a\u00bb background_color_opacity=\u00bb0.3&#8243; background_hover_color_opacity=\u00bb1&#8243; column_link_target=\u00bb_self\u00bb column_shadow=\u00bbsmall_depth\u00bb column_border_radius=\u00bb5px\u00bb width=\u00bb1\/1&#8243; tablet_width_inherit=\u00bbdefault\u00bb tablet_text_alignment=\u00bbdefault\u00bb phone_text_alignment=\u00bbdefault\u00bb column_border_width=\u00bbnone\u00bb bg_image_animation=\u00bbnone\u00bb]<div class=\"iwithtext\"><div class=\"iwt-icon\"> <i class=\"icon-default-style icon-glass accent-color\"><\/i> <\/div><div class=\"iwt-text\"> <span style=\"color: #ffffff;\">Dise\u00f1o de Sitios Web.<\/span><\/p>\n<p><span style=\"color: #ffffff;\">Como en cualquier proyecto t\u00e9cnico<strong>, el desarrollo de p\u00e1ginas web no es un camino sencillo<\/strong>. Son muchos los frentes que debemos tener en cuenta. Y conviene ir paso a paso para no dejarnos nada fuera en el proceso. Nostros te ayudamos en el proceso para definir los contenidos y objetivos de tu sitio.<\/span> <\/div><div class=\"clear\"><\/div><\/div><div class=\"iwithtext\"><div class=\"iwt-icon\"> <i class=\"icon-default-style icon-glass accent-color\"><\/i> <\/div><div class=\"iwt-text\"> <span style=\"color: #ffffff;\">Desarrollo e Implementaci\u00f3n de Aplicaciones.<\/span><\/p>\n<p><span style=\"color: #ffffff;\">Somos partidarios a realizar iteraciones \u00e1giles y constantes junto a nuestra contraparte, para ir alcanzando progresivamente los distintos hitos necesarios para lograr una implementaci\u00f3n exitosa. Somos conscientes que el mundo es din\u00e1mico y muchas veces hay imponderables, entonces, porqu\u00e9 un proyecto habr\u00eda de estar ajeno a esto. Por lo tanto, tenemos foco en dar respuestas r\u00e1pidas y asertivas a variaciones que puedan surgir.<\/span> <\/div><div class=\"clear\"><\/div><\/div><div class=\"iwithtext\"><div class=\"iwt-icon\"> <i class=\"icon-default-style icon-glass accent-color\"><\/i> <\/div><div class=\"iwt-text\"> <span style=\"color: #ffffff;\">Auditor\u00eda de Sistemas.<\/span><\/p>\n<p><span style=\"color: #ffffff;\">Para determinar los niveles de operatividad, fiabilidad, y seguridad de nuestros clientes, es indispensable incorporar auditor\u00edas que permitan conocer el \u201cestado de salud\u201d de los activos tecnol\u00f3gicos, permitiendo identificar posibles riesgos, carencias, debilidades, problemas de capacidad y oportunidades de mejora, de manera de gestionarlos anticipando p\u00e9rdida o degradaci\u00f3n de los servicios.<\/span> <\/div><div class=\"clear\"><\/div><\/div>[\/vc_column][\/vc_row]\n","protected":false},"excerpt":{"rendered":"<p>[vc_row type=\u00bbin_container\u00bb full_screen_row_position=\u00bbmiddle\u00bb bg_image=\u00bb6270&#8243; bg_position=\u00bbleft top\u00bb bg_repeat=\u00bbno-repeat\u00bb full_height=\u00bbyes\u00bb scene_position=\u00bbcenter\u00bb text_color=\u00bbdark\u00bb text_align=\u00bbleft\u00bb overlay_strength=\u00bb0.3&#8243; enable_shape_divider=\u00bbtrue\u00bb shape_divider_color=\u00bb#f2f2f2&#8243; shape_divider_position=\u00bbbottom\u00bb shape_divider_bring_to_front=\u00bbtrue\u00bb bg_image_animation=\u00bbnone\u00bb shape_type=\u00bbcurve_opacity\u00bb][vc_column column_padding=\u00bbpadding-2-percent\u00bb column_padding_position=\u00bball\u00bb background_color=\u00bb#0a0a0a\u00bb background_color_opacity=\u00bb0.3&#8243; background_hover_color_opacity=\u00bb1&#8243; column_link_target=\u00bb_self\u00bb column_shadow=\u00bbsmall_depth\u00bb&#8230;<\/p>\n","protected":false},"author":1,"featured_media":0,"parent":0,"menu_order":0,"comment_status":"closed","ping_status":"closed","template":"","meta":{"footnotes":""},"_links":{"self":[{"href":"https:\/\/www.sigmaspa.cl\/web\/wp-json\/wp\/v2\/pages\/24"}],"collection":[{"href":"https:\/\/www.sigmaspa.cl\/web\/wp-json\/wp\/v2\/pages"}],"about":[{"href":"https:\/\/www.sigmaspa.cl\/web\/wp-json\/wp\/v2\/types\/page"}],"author":[{"embeddable":true,"href":"https:\/\/www.sigmaspa.cl\/web\/wp-json\/wp\/v2\/users\/1"}],"replies":[{"embeddable":true,"href":"https:\/\/www.sigmaspa.cl\/web\/wp-json\/wp\/v2\/comments?post=24"}],"version-history":[{"count":7,"href":"https:\/\/www.sigmaspa.cl\/web\/wp-json\/wp\/v2\/pages\/24\/revisions"}],"predecessor-version":[{"id":6272,"href":"https:\/\/www.sigmaspa.cl\/web\/wp-json\/wp\/v2\/pages\/24\/revisions\/6272"}],"wp:attachment":[{"href":"https:\/\/www.sigmaspa.cl\/web\/wp-json\/wp\/v2\/media?parent=24"}],"curies":[{"name":"wp","href":"https:\/\/api.w.org\/{rel}","templated":true}]}}